{"id":33,"date":"2017-03-14T15:00:29","date_gmt":"2017-03-14T15:00:29","guid":{"rendered":"https:\/\/gpdeideias.com.br\/?page_id=33"},"modified":"2023-12-13T18:20:37","modified_gmt":"2023-12-13T18:20:37","slug":"a-agencia","status":"publish","type":"page","link":"https:\/\/gpdeideias.com.br\/","title":{"rendered":"Nossa ag\u00eancia"},"content":{"rendered":"<div class=\"wp-block-image is-style-default\">\n<figure class=\"alignright is-resized\"><a href=\"https:\/\/gpdeideias.com.br\/portfolio\/\"><img fetchpriority=\"high\" decoding=\"async\" width=\"601\" height=\"284\" src=\"https:\/\/gpdeideias.com.br\/wp-content\/uploads\/2017\/03\/logo-site-03.png\" alt=\"\" class=\"wp-image-1765\" style=\"aspect-ratio:1.3333333333333333;object-fit:contain;width:276px;height:auto\" srcset=\"https:\/\/gpdeideias.com.br\/wp-content\/uploads\/2017\/03\/logo-site-03.png 601w, https:\/\/gpdeideias.com.br\/wp-content\/uploads\/2017\/03\/logo-site-03-300x142.png 300w\" sizes=\"(max-width: 601px) 100vw, 601px\" \/><\/a><\/figure><\/div>\n\n\n<p class=\"has-text-align-left\" style=\"font-size:18px\"><span style=\"color: #ff6600;\"><strong>A Galp\u00e3o de Ideias<\/strong><\/span> \u00e9 uma Ag\u00eancia de Eventos, Cenografia e Publicidade. Oferecemos aos nossos clientes a solu\u00e7\u00e3o que ele busca em se tratando de divulga\u00e7\u00e3o e exposi\u00e7\u00e3o de marca ou produto, independente do segmento. <br><br>Temos entrega com garantia, qualidade e pre\u00e7o justo aos trabalhos desenvolvidos, sempre com empenho e controle de todas as etapas, por um profissional dedicado ao acompanhamento do trabalho full time.<\/p>\n\n\n\n<p><\/p>\n\n\n\n<blockquote class=\"wp-block-quote\">\n<p class=\"has-text-align-center has-white-color has-luminous-vivid-orange-background-color has-text-color has-background has-link-color wp-elements-a63b13f4a9caad502561277d117bdeff\" style=\"font-size:16px;font-style:normal;font-weight:300\">&#8220;<strong>Traga o seu problema, que iremos apresentar a solu\u00e7\u00e3o. Esse \u00e9 o nosso objetivo em um briefing.<\/strong>&#8220;<\/p>\n<\/blockquote>\n\n\n\n<ul>\n<li style=\"font-size:14px\">Conven\u00e7\u00f5es de Vendas, Motivacionais, Eventos Corporativos no geral;<\/li>\n\n\n\n<li style=\"font-size:14px\">Materiais Promocionais desenvolvidos e planejados com a caracter\u00edstica de cada produto;<\/li>\n\n\n\n<li style=\"font-size:14px\">Stands para Feiras e Congressos;<\/li>\n\n\n\n<li style=\"font-size:14px\">Eventos de Relacionamentos, como muitos j\u00e1 criados em Esquenta para Carnaval, Formula I, Escolas de Samba;<\/li>\n\n\n\n<li style=\"font-size:14px\">Ativa\u00e7\u00f5es de marca em PDVs, Enxoval, Card\u00e1pios, Fachadas;<\/li>\n\n\n\n<li style=\"font-size:14px\">Log\u00edsticas de entregas e retiradas de materiais em eventos, PDV, Supermercados;<\/li>\n\n\n\n<li style=\"font-size:14px\">Servi\u00e7os direcionados ao trade: Degusta\u00e7\u00e3o de Produtos, A\u00e7\u00f5es com Promotoras, Controles de A\u00e7\u00f5es;<\/li>\n\n\n\n<li style=\"font-size:14px\">Desenvolvimento de kits contemplando Manuseios e Projetos Especiais.<\/li>\n<\/ul>\n\n\n\n<p><\/p>\n\n\n<div class=\"wp-block-image\">\n<figure class=\"aligncenter size-full is-resized\"><a href=\"https:\/\/gpdeideias.com.br\/wp-content\/uploads\/2023\/11\/image.png\"><img decoding=\"async\" width=\"692\" height=\"461\" src=\"https:\/\/gpdeideias.com.br\/wp-content\/uploads\/2023\/11\/image.png\" alt=\"\" class=\"wp-image-4053\" style=\"width:461px;height:auto\" srcset=\"https:\/\/gpdeideias.com.br\/wp-content\/uploads\/2023\/11\/image.png 692w, https:\/\/gpdeideias.com.br\/wp-content\/uploads\/2023\/11\/image-300x200.png 300w\" sizes=\"(max-width: 692px) 100vw, 692px\" \/><\/a><\/figure><\/div>\n\n\n<h6 class=\"wp-block-heading has-text-align-left has-medium-font-size\" style=\"font-style:normal;font-weight:400\"><br><mark style=\"background-color:rgba(0, 0, 0, 0)\" class=\"has-inline-color has-luminous-vivid-orange-color\"><strong>Grandes marcas e empresas<\/strong><\/mark><br><mark style=\"background-color:rgba(0, 0, 0, 0)\" class=\"has-inline-color has-black-color\">Que j\u00e1 fizeram e fazem parte de nosso portfolio de trabalhos entregues:<\/mark><\/h6>\n\n\n\n<div class=\"wp-block-columns is-layout-flex wp-container-core-columns-layout-1 wp-block-columns-is-layout-flex\" style=\"font-size:15px\">\n<div class=\"wp-block-column is-vertically-aligned-top has-white-color has-luminous-vivid-orange-background-color has-text-color has-background has-link-color wp-elements-205915cd75fb13a0811e85bf67880c2d is-layout-flow wp-block-column-is-layout-flow\" style=\"flex-basis:33.34%\">\n<p class=\"has-white-color has-text-color has-link-color wp-elements-2b7ce55ab667a8f0a13e092313f802f5\" style=\"font-size:15px\">   + Schincariol<br>   + Brasil Kirin<br>   + Heineken<br>   + Odontoclinic<\/p>\n<\/div>\n\n\n\n<div class=\"wp-block-column is-vertically-aligned-top has-white-color has-luminous-vivid-orange-background-color has-text-color has-background has-link-color wp-elements-8718ab250d7732977294db890d07a655 is-layout-flow wp-block-column-is-layout-flow\" style=\"flex-basis:33.34%\">\n<p class=\"has-white-color has-text-color has-link-color wp-elements-53551448d3b5c66792594a68824b13e1\">   + Azuma Kirin<br>   + Vedacit<br>   + Estrella Galicia<br>   + Armaz\u00e9m da Cerveja<\/p>\n<\/div>\n\n\n\n<div class=\"wp-block-column is-vertically-aligned-top has-white-color has-luminous-vivid-orange-background-color has-text-color has-background has-link-color wp-elements-960baa7d1bf8cd8f172b1ff0b2b5a15a is-layout-flow wp-block-column-is-layout-flow\" style=\"flex-basis:33.34%\">\n<p class=\"has-white-color has-text-color has-link-color wp-elements-60ffdd79bbf6875e623ac01827616e24\">   + Grupo Petropolis<br>   + JBS<br>   + Aurora Fine Brands<br>   + Entre outras<\/p>\n<\/div>\n<\/div>\n\n\n\n<h2 class=\"wp-block-heading has-text-align-left has-medium-font-size\" style=\"font-style:normal;font-weight:400\"><mark style=\"background-color:rgba(0, 0, 0, 0)\" class=\"has-inline-color has-luminous-vivid-orange-color\"><strong>Jobs de Destaque<\/strong><\/mark><br><mark style=\"background-color:rgba(0, 0, 0, 0)\" class=\"has-inline-color has-black-color\">Em nossa trajet\u00f3ria:<\/mark><\/h2>\n\n\n\n<p style=\"font-size:17px\">+ Carnaval, Formula I, Feiras e Congressos (HSM, Festival do Jap\u00e3o, Feiras de Gastronomia, BCB, Expo Pizza\u2026<br>+ Grandes Festas de Rua (Festa da Achiropita, San Gennaro, Quiririm\u2026<br>+ Camarote Bruno Mars, Organiza\u00e7\u00e3o e Contrata\u00e7\u00e3o de Grandes shows, Rodeios, Festival de Ver\u00e3o de Praia Grande (Ivete Sangalo, Bruno &amp; Marrone, Daniel, Capital Inicial, entre outras personalidades).<\/p>\n","protected":false},"excerpt":{"rendered":"<p>A Galp\u00e3o de Ideias \u00e9 uma Ag\u00eancia de Eventos, Cenografia e Publicidade. Oferecemos aos nossos clientes a solu\u00e7\u00e3o que ele busca em se tratando de divulga\u00e7\u00e3o e exposi\u00e7\u00e3o de marca ou produto, independente do segmento. Temos entrega com garantia, qualidade e pre\u00e7o justo aos trabalhos desenvolvidos, sempre com empenho e controle de todas as etapas, por um profissional dedicado ao acompanhamento do trabalho full time. &#8220;Traga o seu problema, que iremos apresentar a solu\u00e7\u00e3o. Esse \u00e9 o nosso objetivo em um briefing.&#8220; Grandes marcas e empresasQue j\u00e1 fizeram e fazem parte de nosso portfolio de trabalhos entregues: + Schincariol + Brasil Kirin + Heineken + Odontoclinic + Azuma Kirin + Vedacit + Estrella Galicia + Armaz\u00e9m da Cerveja + Grupo Petropolis + JBS + Aurora Fine Brands + Entre outras Jobs de DestaqueEm nossa trajet\u00f3ria: + Carnaval, Formula I, Feiras e Congressos (HSM, Festival do Jap\u00e3o, Feiras de Gastronomia, BCB, Expo Pizza\u2026+ Grandes Festas de Rua (Festa da Achiropita, San Gennaro, Quiririm\u2026+ Camarote Bruno Mars, Organiza\u00e7\u00e3o e Contrata\u00e7\u00e3o de Grandes shows, Rodeios, Festival de Ver\u00e3o de Praia Grande (Ivete Sangalo, Bruno &amp; Marrone, Daniel, Capital Inicial, entre outras personalidades).<\/p>\n","protected":false},"author":1,"featured_media":0,"parent":0,"menu_order":0,"comment_status":"closed","ping_status":"closed","template":"template-fullwidth.php","meta":{"footnotes":"","_joinchat":[]},"_links":{"self":[{"href":"https:\/\/gpdeideias.com.br\/index.php?rest_route=\/wp\/v2\/pages\/33"}],"collection":[{"href":"https:\/\/gpdeideias.com.br\/index.php?rest_route=\/wp\/v2\/pages"}],"about":[{"href":"https:\/\/gpdeideias.com.br\/index.php?rest_route=\/wp\/v2\/types\/page"}],"author":[{"embeddable":true,"href":"https:\/\/gpdeideias.com.br\/index.php?rest_route=\/wp\/v2\/users\/1"}],"replies":[{"embeddable":true,"href":"https:\/\/gpdeideias.com.br\/index.php?rest_route=%2Fwp%2Fv2%2Fcomments&post=33"}],"version-history":[{"count":49,"href":"https:\/\/gpdeideias.com.br\/index.php?rest_route=\/wp\/v2\/pages\/33\/revisions"}],"predecessor-version":[{"id":4081,"href":"https:\/\/gpdeideias.com.br\/index.php?rest_route=\/wp\/v2\/pages\/33\/revisions\/4081"}],"wp:attachment":[{"href":"https:\/\/gpdeideias.com.br\/index.php?rest_route=%2Fwp%2Fv2%2Fmedia&parent=33"}],"curies":[{"name":"wp","href":"https:\/\/api.w.org\/{rel}","templated":true}]}}